 28717 is divided by 1797?
1762
Calculate the remainder when 1345221 is divided by 30.
21
What is the remainder when 2278867 is divided by 13022?
17
Calculate the remainder when 3977873 is divided by 855.
413
What is the remainder when 6594827 is divided by 634?
593
What is the remainder when 2107413 is divided by 1919?
351
What is the remainder when 333107 is divided by 2701?
884
What is the remainder when 20936 is divided by 10448?
40
What is the remainder when 25392500 is divided by 4211?
170
Calculate the remainder when 111745127 is divided by 12416125.
2
Calculate the remainder when 669629 is divided by 648.
245
Calculate the remainder when 2644 is divided by 654.
28
Calculate the remainder when 4889868 is divided by 879.
870
What is the remainder when 55869 is divided by 27674?
521
What is the remainder when 2818005 is divided by 1041?
18
What is the remainder when 2597836 is divided by 380?
156
Calculate the remainder when 3258648 is divided by 79479.
9
Calculate the remainder when 208968 is divided by 3626.
2286
What is the remainder when 5808130 is divided by 47?
11
Calculate the remainder when 500318 is divided by 111.
41
What is the remainder when 2934852 is divided by 99?
96
What is the remainder when 120489 is divided by 139?
115
Calculate the remainder when 161032 is divided by 160983.
49
What is the remainder when 328325677 is divided by 40?
37
Calculate the remainder when 7493855 is divided by 2008.
2007
Calculate the remainder when 52600 is divided by 17203.
991
Calculate the remainder when 114041 is divided by 18856.
905
What is the remainder when 556840 is divided by 178?
56
What is the remainder when 27448 is divided by 8984?
496
Calculate the remainder when 8068858 is divided by 76121.
32
Calculate the remainder when 2242548 is divided by 560637.
0
What is the remainder when 134452339 is divided by 220?
219
Calculate the remainder when 66302084 is divided by 5525173.
8
Calculate the remainder when 255583 is divided by 19.
14
Calculate the remainder when 4671211 is divided by 25.
11
What is the remainder when 341375 is divided by 965?
730
Calculate the remainder when 454205 is divided by 18155.
330
What is the remainder when 308996 is divided by 308812?
184
Calculate the remainder when 495350 is divided by 1280.
1270
What is the remainder when 64377557 is divided by 666?
665
What is the remainder when 13020443 is divided by 70?
23
What is the remainder when 439720 is divided by 54879?
688
Calculate the remainder when 14835110 is divided by 3934.
3930
Calculate the remainder when 82344 is divided by 19.
17
What is the remainder when 132087015 is divided by 28?
11
Calculate the remainder when 4222315 is divided by 422223.
85
What is the remainder when 4510392 is divided by 7370?
7322
Calculate the remainder when 147543 is divided by 9.
6
Calculate the remainder when 219535590 is divided by 162.
156
What is the remainder when 84776382 is divided by 1021402?
16
Calculate the remainder when 25343319 is divided by 405.
39
Calculate the remainder when 211535 is divided by 138.
119
Calculate the remainder when 3872060 is divided by 15613.
36
Calculate the remainder when 69726 is divided by 756.
174
Calculate the remainder when 1472126 is divided by 294420.
26
Calculate the remainder when 18690295 is divided by 2447.
109
What is the remainder when 14769501 is divided by 547017?
42
What is the remainder when 2156780 is divided by 293?
7
What is the remainder when 6388879 is divided by 22?
13
What is the remainder when 110094 is divided by 462?
138
Calculate the remainder when 17610 is divided by 151.
94
What is the remainder when 1092454 is divided by 36413?
64
Calculate the remainder when 489151 is divided by 8733.
103
Calculate the remainder when 392747429 is divided by 85.
84
What is the remainder when 924070 is divided by 924063?
7
What is the remainder when 20730 is divided by 1472?
122
Calculate the remainder when 267514238 is divided by 4480.
4478
What is the remainder when 9645093 is divided by 110?
73
What is the remainder when 38472638 is divided by 9?
5
What is the remainder when 705552 is divided by 53?
16
Calculate the remainder when 805306 is divided by 805301.
5
What is the remainder when 38570 is divided by 807?
641
Calculate the remainder when 30605119 is divided by 2080.
2079
Calculate the remainder when 319815 is divided by 1690.
405
Calculate the remainder when 100438964 is divided by 1210108.
0
Calculate the remainder when 11596775 is divided by 6.
5
What is the remainder when 2972228 is divided by 311?
1
Calculate the remainder when 122568770 is divided by 136.
130
Calculate the remainder when 3246216 is divided by 104714.
82
What is the remainder when 5351 is divided by 406?
73
Calculate the remainder when 25693224 is divided by 21.
18
Calculate the remainder when 776896 is divided by 334.
12
Calculate the remainder when 1521122 is divided by 1657.
1653
What is the remainder when 2839984 is divided by 25357?
0
What is the remainder when 7105290 is divided by 403?
400
What is the remainder when 85370 is divided by 2189?
2188
Calculate the remainder when 817643 is divided by 6012.
11
What is the remainder when 3608208 is divided by 3292?
176
What is the remainder when 5031576 is divided by 197?
196
Calculate the remainder when 2749330 is divided by 64.
18
Calculate the remainder when 130440 is divided by 296.
200
What is the remainder when 3033735 is divided by 1034?
1013
What is the remainder when 24218829 is divided by 297?
261
What is the remainder when 118532 is divided by 23492?
1072
What is the remainder when 1776586 is divided by 479?
454
What is the remainder when 368304 is divided by 9?
6
What is the remainder when 7465759 is divided by 1866436?
15
What is the remainder when 30769 is divided by 30745?
24
Calculate the remainder when 37943450 is divided by 145.
140
What is the remainder when 2375365 is divided by 121?
14
What is the remainder when 1616374 is divided by 666?
658
Calculate the remainder when 46123982 is divided by 218597.
15
Calculate the remainder when 30804948 is divided by 15402473.
2
Calculate the remainder when 55681 is divided by 956.
233
Calculate the remainder when 2267730 is divided by 1307.
85
Calculate the remainder when 1569288 is divided by 4433.
6
Calculate the remainder when 144885388 is divided by 1599.
1597
Calculate the remainder when 3715 is divided by 3393.
322
Calculate the remainder when 27209 is divided by 3865.
154
What is the remainder when 1914003 is divided by 142?
127
What is the remainder when 3247794 is divided by 2487?
2259
What is the remainder when 38606 is divided by 2114?
554
What is the remainder when 1841680 is divided by 167424?
16
What is the remainder when 8106273 is divided by 817?
816
What is the remainder when 30866560 is divided by 30?
10
What is the remainder when 30783 is divided by 30685?
98
Calculate the remainder when 9169 is divided by 9161.
8
Calculate the remainder when 688334 is divided by 229435.
29
What is the remainder when 2019782 is divided by 61?
11
Calculate the remainder when 246733 is divided by 34224.
7165
What is the remainder when 1113478 is divided by 189?
79
Calculate the remainder when 1238108 is divided by 14.
4
What is the remainder when 8719 is divided by 581?
4
What is the remainder when 106148610 is divided by 9037?
8
Calculate the remainder when 3668861 is divided by 7.
0
Calculate the remainder when 32611 is divided by 121.
62
Calculate the remainder when 1158585 is divided by 579274.
37
Calculate the remainder when 3008136 is divided by 47002.
8
What is the remainder when 122010357 is divided by 40670114?
15
Calculate the remainder when 170322 is divided by 253.
53
Calculate the remainder when 23196 is divided by 22986.
210
What is the remainder when 28896223 is divided by 1558?
1555
What is the remainder when 2089315 is divided by 354?
7
Calculate the remainder when 272408624 is divided by 1095.
1094
What is the remainder when 10223 is divided by 8248?
1975
What is the remainder when 1264325 is divided by 632160?
5
What is the remainder when 419790 is divided by 1578?
42
What is the remainder when 721282 is divided by 5634?
130
What is the remainder when 2893069 is divided by 3269?
4
What is the remainder when